).
2, 5, 109
Let x(i) be the first derivative of -9*i**2/2 - 39*i + 9. List the prime factors of x(-14).
3, 29
Suppose -h = -0*h. Let k = h - -7. Suppose -3*b + k = -5. What are the prime factors of b?
2
Let s(h) = 8*h**2 - 4*h - 2. Let l be s(3). Suppose 5*j - 105 = -5*r, l = 3*r - 4*j + 6*j. Suppose -r - 8 = -3*f. List the prime factors of f.
2
Let f = 44 + -40. Suppose 0 = f*n - 3*j - 124, -3*n + 3*j - 4*j = -80. What are the prime factors of n?
2, 7
Let n(i) = -i**3 - 7*i**2 + 13*i - 20. List the prime factors of n(-9).
5
Suppose 0 = -5*d + 4*z + 497, 0 = 2*d - z - 121 - 79. What are the prime factors of d?
101
Let d be (-142)/(-10) - 4/20. Let n = d + -12. List the prime factors of n.
2
Suppose -3*h - 16 = -4*p - 0*p, 3*h - p = -4. Suppose h = k + 2. Let t = 2 - k. List the prime factors of t.
2
Let u be (-2)/(-12) + 3231/54. Suppose -4*o + u = 5*g + o, -g - 4*o = -15. Suppose -3*x + 1 = -g. List the prime factors of x.
2
Let v = 2004 - 1184. List the prime factors of v.
2, 5, 41
Let t = 145 + -136. Let f(o) = o**3 - 7*o**2 + 9*o - 31. What are the prime factors of f(t)?
2, 53
Suppose -82*r = -60*r - 110. Suppose 4*i + 16 = k, k = -4*k - 5*i - 20. Suppose r*l = -k*l + 250. List the prime factors of l.
2, 5
Let p(c) = 16*c**2 - 2*c - 5. Let i(l) = -5*l - 37. Let j be i(-7). What are the prime factors of p(j)?
3, 7
Let s(n) = -5*n**3 + n + 1. Let l(f) = -f**2 - 6*f - 1. Let u be l(-6). Let v be s(u). Suppose 79 = v*z - 36. What are the prime factors of z?
23
Suppose -9 = 3*g, 5*x + 3*g - 8 = 3. Suppose w + x + 10 = 0. Let d = 28 + w. What are the prime factors of d?
2, 7
Let w = 2462 + -1429. List the prime factors of w.
1033
List the prime factors of (446 - -11)/((-3)/(-9)).
3, 457
Let t(n) = -n + 16. Let r be t(-14). What are the prime factors of (-20)/(-6) - 10/r?
3
Let y(g) = g**3 + 10*g**2 - 4*g - 17. Suppose 0 - 3 = 2*h + 5*k, -5*h = 2*k + 39. List the prime factors of y(h).
2, 5
Let i be ((-4)/(-10))/(20/1900). Suppose -62 = -2*h - 4*o + i, -103 = -2*h - 3*o. Suppose 4*w + 4*x - h = x, -4*w = -2*x - 76. What are the prime factors of w?
17
Let o(b) = -3*b**2 + 2 + 3*b**2 + 2*b**2 - b**2 + b. Let u be ((-15)/(-20))/((-3)/24). What are the prime factors of o(u)?
2
Let q = 13 - 9. Let a be q + -3 + 24 + 3. Suppose -62 - a = -3*t. List the prime factors of t.
2, 3, 5
Let w(x) be the second derivative of x**5/10 - x**4/6 + x**3/2 - 3*x**2/2 - 3*x + 5. Let a = -2 - -4. List the prime factors of w(a).
11
Suppose -3588 = -2*f - a, 4*a - 7178 = -4*f + 3*a. List the prime factors of f.
5, 359
Let z(l) be the third derivative of 0 + 0*l**5 + 4*l**2 + 1/20*l**6 + 0*l - 1/6*l**3 + 1/24*l**4. What are the prime factors of z(1)?
2, 3
Let z(h) be the first derivative of -h**4/4 - 16*h**3/3 - 13*h**2/2 - 28*h - 22. List the prime factors of z(-16).
2, 3, 5
Let n = -32 - -36. What are the prime factors of (-2224)/(-36) - n/(-18)?
2, 31
Let s(j) = -15*j - 70*j**2 + 14*j + 241*j**2. What are the prime factors of s(1)?
2, 5, 17
Let z(u) = 3*u**3 - u**2. Let g be z(-1). What are the prime factors of -2*((-235)/10 + g)?
5, 11
Let s = -12 + 18. Suppose -4*g = -s*g + 4. Suppose 2*y - g*i - 4 = 0, i - 5 = -y - 1. What are the prime factors of y?
3
Let k = 54 - 55. What are the prime factors of 3*16/(-12) - (-154 - k)?
149
What are the prime factors of (-5 - (-196)/35)/((-1)/(-75))?
3, 5
Suppose 0 = -2*n + 3*c + 291 + 592, -n + 434 = -4*c. List the prime factors of n.
2, 223
Suppose k + 5 = 2*c, 5*c - k + 6 = 20. Suppose -3*m = -c*a + 108, -3*a + 43 + 59 = 3*m. What are the prime factors of a?
5, 7
Suppose 2*a = -13 + 73. Let m be 30/45*a/4. Suppose m + 7 = 3*l. What are the prime factors of l?
2
Suppose 6683 + 4036 = 2*k + 5*u, -5*u = -3*k + 16116. What are the prime factors of k?
3, 1789
Suppose 2*w + 16 - 60 = 0. Let r = w + -18. List the prime factors of r.
2
Let l(i) = -2*i**3 + 4*i**2 - 2*i + 8. What are the prime factors of l(-5)?
2, 23
What are the prime factors of 1 + (-2951)/(-4) - 30/(-120)?
739
Let o = 561 - -2547. What are the prime factors of o?
2, 3, 7, 37
Suppose 8 = 4*o - 4*t, -3*t = -5*o - 5*t - 4. Suppose -3*s - 6*v = -v - 936, o = 3*v + 9. What are the prime factors of s?
317
Let v(x) = -7*x - 2. Let t be v(-1). Suppose t*g - g = 352. What are the prime factors of g?
2, 11
Suppose 12 - 110 = f. Let h = 141 + f. What are the prime factors of h?
43
Suppose 11*u - 495 = -2255. Let r = u - -326. What are the prime factors of r?
2, 83
Suppose -2*j + 4*s = -370, 2*s = 11*j - 7*j - 728. What are the prime factors of j?
181
Let w be 15/(-10)*(-56)/6. Let o = -8 + w. What are the prime factors of o/3 - -2*4?
2, 5
Let f = 1107 - 259. What are the prime factors of f?
2, 53
Let f(w) = w + 9. Suppose -x + 48 = -4*x. Let d be 1 + (-4)/(x/(-28)). List the prime factors of f(d).
3
Let s be (-3)/(1 + 2 + -4). Suppose -2*w - 2*t + 30 = 8, 4*t + 54 = s*w. List the prime factors of -2 + w/(-3)*-3.
2, 3
Suppose 0 = -0*u - 21*u + 819. What are the prime factors of u?
3, 13
Let r be 96/28 + (-6)/14. Suppose r*c = 5*g - c - 290, 0 = 4*g + 4*c - 268. List the prime factors of g.
2, 31
Suppose -4*f + 4140 = 8*f. What are the prime factors of f?
3, 5, 23
Let d be -4 + (671 - 5)/(-2). Let i = d - -490. List the prime factors of i.
3, 17
Suppose 3*t = q - 75, -4*q + t = 4*t - 300. Let g = 22 + q. What are the prime factors of g?
97
Suppose -324 - 1142 = -2*m. What are the prime factors of m?
733
Let t = -1246 + 2343. What are the prime factors of t?
1097
Let q be 1/(-4) - (-189)/84. Suppose q*a = 4*a - 334. List the prime factors of a.
167
Suppose 8*q + 170 = 7*q. Let b = q - -313. List the prime factors of b.
11, 13
Let i(y) = 2*y**3 - y**2 - 4*y - 14. What are the prime factors of i(6)?
2, 179
Let p = -18 + 74. Let n = p + -31. List the prime factors of n.
5
Let q(r) = -11*r**3 - 7*r**2 + 2. List the prime factors of q(-3).
2, 59
Suppose 60 = x - 4*x. Let h be (8/x)/((-3)/(-90)). List the prime factors of ((-28)/42)/(2/h).
2
Let j(k) = -21 + 14 + 9*k - 4*k**2 + 5*k**2. Let h be j(-10). Suppose -h*d = 6 - 0, 4*z - 10 = -d. List the prime factors of z.
3
Let x(i) = 3638*i**2 + 56*i + 57. List the prime factors of x(-1).
3, 1213
Let p be 1/2 + (-10)/(-4). Suppose 6 = 2*j, -i - 1 + 6 = j. Suppose 2*f + 2*f = 5*l + 36, i*l = p*f - 27. What are the prime factors of f?
3
Suppose 8*o = o + 28. Suppose -o*y + t + 224 = 0, 3*t = -4*y + 7*t + 236. List the prime factors of y.
5, 11
Let s = 156 - 101. List the prime factors of s.
5, 11
What are the prime factors of 159202/26 - (-8)/(-52)?
3, 13, 157
Suppose 13*h = 13477 - 1075. List the prime factors of h.
2, 3, 53
Let o = 10183 - 5040. List the prime factors of o.
37, 139
Let v be 23 - (2/2 - -2). What are the prime factors of 6/v*-2*-5?
3
Let d be (-3)/(-1) - (-1)/2*18. Suppose -1316 = -d*j + 5*j. List the prime factors of j.
2, 47
What are the prime factors of -9*1111/22*-2?
3, 101
Let k = -27 + 35. Let m be k/(-52) + 84/39. Suppose -m*g = 2*g - 144. List the prime factors of g.
2, 3
Let a be (-4 + 0)*(-2)/8. Let x be 0/((-3 - 0) + a). Suppose 2*n - 36 = -4*f, -48 = -4*f - x*f + 4*n. List the prime factors of f.
2, 5
Let z = 1473 + -537. What are the prime factors of z?
2, 3, 13
Suppose 5*f = 3*m + 43, 2*f - 9 = m + 8. Let j be -5*-18*4/5. Suppose -4*q - j = -f*q. What are the prime factors of q?
2, 3
Suppose -5*h = b - 0*h - 969, 3*h = 4*b - 3784. What are the prime factors of b?
13, 73
Let s = -19 + 27. Let b = s - -96. List the prime factors of b.
2, 13
Suppose 15 = 3*f, -3*f - 765 = -5*n + 695. Let z = n - 204. What are the prime factors of z?
7, 13
Suppose -19 = -5*g + 1. Suppose -g + 0 = -p. Suppose -4*s - 6 = -3*t, p*t + 3*s - 39 + 6 = 0. What are the prime factors of t?
2, 3
Let n be 4*(-1)/(-2) + 1. Suppose a + 6 = -a, 2*w = n*a + 183. List the prime factors of w.
3, 29
Suppose -4*o + 65 = o. Let c = 34 - o. List the prime factors of c.
3, 7
Let o(c) = 17*c**2 - 10*c - 128. List the prime factors of o(-7).
5, 31
Let b = 3760 - -1348. What are the prime factors of b?
2, 1277
Suppose 5*m - 2*x - 13925 = 0, 2*x = -2*m - 1031 + 6615. List the prime factors of m.
3, 929
Suppose 0*d - 328 = 4*c + 2*d, -2*c = 2*d + 160. Let z = c + 131. What are the prime factors of z?
47
Let s(c) = -21*c**2 - 5*c + 7. Let h be s(3). Le